 = -4*u + 3. Let d be q(2). What are the prime factors of (24/d)/(22/(-165))?
2, 3
Let s be (-12)/(-2)*(1 - -1). Suppose 0 = -4*a + s + 40. List the prime factors of a.
13
Let z(x) = x**2 + 5*x + 8. What are the prime factors of z(-10)?
2, 29
Let c(g) = -13*g - 3. Let d(p) = -3*p - 6. Let q(y) = y - 1. Let b(h) = -d(h) + 4*q(h). Let r(m) = -11*b(m) - 6*c(m). What are the prime factors of r(6)?
2
Let i = 145 + -206. Let v = -31 - i. What are the prime factors of v?
2, 3, 5
Let c(a) be the third derivative of a**5/60 - a**4/24 - a**3/3 + 3*a**2. List the prime factors of c(3).
2
Suppose 5*o + 2*w = 79, -o - 3 = -4*w - 10. Let l be -5*(-1)/(o/9). Suppose -2*q + 23 = i + 1, -4*i + 33 = l*q. List the prime factors of q.
11
Let c(o) = 9*o**2 + o. Let i be c(1). Let q be 42/i - 2/10. Suppose 4*x + 4*p - p = 40, 40 = q*x + p. What are the prime factors of x?
2, 5
Let s = 8 + 65. Let t = s + -27. What are the prime factors of t?
2, 23
Let i(z) = -63*z + 3. Let r be i(-3). Suppose 0*n - 6*n = -r. What are the prime factors of n?
2
Let w = -14 - -24. What are the prime factors of w?
2, 5
Let h be (-286)/(-10) - (-4)/10. What are the prime factors of -1 + h - (0 + 3)?
5
Let g be (20 - 5)*2/(-3). Let z be (-78)/(-4) - 3/(-6). Let d = g + z. List the prime factors of d.
2, 5
Let c(w) = w**3 - 14*w**2 + 5*w + 5. List the prime factors of c(15).
5, 61
Suppose -2*g = 5*c - 18, 3 = -3*c + g + 5. Let w be c - 4 - (3 - 9). Suppose -w*n = -9*n + 60. List the prime factors of n.
2, 3
Let o = 377 - 221. List the prime factors of o.
2, 3, 13
Let f(o) = o**2 + 16*o - 21. What are the prime factors of f(6)?
3, 37
Suppose 12 = -5*j - 3*n, 6*j - 2*n = 3*j + 8. Suppose j = -o + v, 2*v - 2 = o - 4. Let c = 5 - o. What are the prime factors of c?
7
Let p(j) = 4*j**2 + 6*j + 5. Let t be p(5). Let g = t - 88. Suppose 3*d + 3*z - g = -d, 59 = 5*d + 4*z. List the prime factors of d.
11
Let j = 189 - 104. What are the prime factors of j?
5, 17
Let u(g) = g. Let b(l) = -l**2 - 5*l + 1. Let i be b(-4). Suppose 3 = 3*a, -i*a = -2*m - 0*a + 1. List the prime factors of u(m).
3
Let l(k) = 23*k**3 + 3*k**2 + k - 4. What are the prime factors of l(2)?
2, 97
Suppose -140 = -9*c + 4*c. What are the prime factors of c?
2, 7
Let g(t) = -t**2 + 10*t - 9. Let i be g(9). Suppose 4*z - 6*z + 36 = i. Suppose -3*s + 3*p = -p - 1, -s = -5*p + z. What are the prime factors of s?
7
Let w(n) = 2*n + 22. Suppose 5 = -4*r - 31. What are the prime factors of w(r)?
2
Suppose 5*m = 7 + 3. Suppose -3*x - 4 = -4*g - m, 5*x + 5*g - 20 = 0. List the prime factors of x.
2
Let m(s) = -2*s - 6. Let c be m(-5). Suppose -d - c*d = -135. Suppose -5*f = -4*t - 4 + 27, -t = 3*f - d. List the prime factors of t.
2, 3
Let v(o) = o**2 - 8*o + 3. Let i(n) = 2*n**2 + 3*n. Let s be i(-3). List the prime factors of v(s).
2, 3
Let n = 23 + 12. List the prime factors of n.
5, 7
Let f = 4 - 1. Let d(t) = t - 6 + f*t - t. List the prime factors of d(4).
2, 3
Let d(m) = -m - 2. Let z be d(2). Suppose -3*k + 5*x = 26, -29 = 2*k + 2*k - x. Let g = z - k. What are the prime factors of g?
3
Suppose 0 = 3*u - 8*u - 5. Let j be (-24)/(1*-2)*u. Let f = j + 24. What are the prime factors of f?
2, 3
Let u(v) = -9*v + 0*v + 10 + 2 - 7*v**2 + v**3. Let c be u(8). Suppose 0 = -6*f + f + j + 10, c*f = 2*j + 2. What are the prime factors of f?
3
Suppose 0 = -4*g + 2*g + 34. Suppose 5*l - 17 = 38. Let i = g - l. List the prime factors of i.
2, 3
Let n = -203 - -317. Suppose 0 = 4*d - n - 106. Suppose -16 + d = 3*v. What are the prime factors of v?
13
Let x(o) be the first derivative of -6*o + 1/3*o**3 - 5/2*o**2 + 2. What are the prime factors of x(7)?
2
Let q(z) = 0*z + 4*z + 2 - 3*z. Suppose -3*a - 3*f + 27 = 0, -2*f - 7 = -a - 2*a. What are the prime factors of q(a)?
7
Suppose 0*z - 29 = 3*p + 4*z, 25 = -5*z. Let h be (-4 - p)/(2/4). What are the prime factors of (7 - (3 + h)) + 2?
2
Let i = 22 + 1. Suppose 2*j + i = 83. What are the prime factors of j?
2, 3, 5
Let u = -596 + 1044. List the prime factors of u.
2, 7
Let z(p) = -3*p**2 + 0*p**2 + 2*p - 3*p**3 + 0*p**3 + 4*p**3. Let q be z(2). Suppose -3*h + 0*h + 12 = q. What are the prime factors of h?
2
Let t(g) be the first derivative of 11*g**2/2 + 2*g - 4. List the prime factors of t(1).
13
Let t = 87 + -141. Let z = -20 - t. What are the prime factors of z?
2, 17
Let k(y) = 3*y. What are the prime factors of k(6)?
2, 3
Suppose -60 = -0*d + 5*d. Let f(p) = -p**2 - 15*p + 13. What are the prime factors of f(d)?
7
Suppose -4*s = 4*i - 3*i + 2, -9 = -5*i - s. Let a = i - 1. What are the prime factors of 3 - (-2 + a + 1)?
3
Suppose 4*o = -31 - 29. List the prime factors of ((-6)/o)/((-2)/(-130)).
2, 13
Suppose s + 2*s - 150 = 3*v, 4*s - 216 = -4*v. What are the prime factors of s?
2, 13
Let p(l) = 2*l**2 + 11*l + 15. What are the prime factors of p(-6)?
3, 7
Suppose -5*c + 5*x + 550 = 0, 6*x = x + 25. List the prime factors of c.
5, 23
Suppose -20 = 5*z, 4*h - 4*z + z + 8 = 0. Suppose -4*x - 5 = -1, p = 3*x + 1. List the prime factors of p/h + (-140)/(-25).
2, 3
Suppose -j - 13 = l + 3*l, 3*l + 12 = 0. Let o be j + -2*3/(-6). Let m = o - -1. List the prime factors of m.
5
Let p = -17 - -74. What are the prime factors of p?
3, 19
Suppose -x + 4*g = -68, 2*g = 2*x + 32 - 138. List the prime factors of x.
2, 3
Let y(v) = 2*v**3 - 4*v**2 + 2*v + 2. Let o be y(2). Let f = o + -2. What are the prime factors of f?
2
Suppose 4*i + 4*d = 16, 0*d = 3*d - 12. Suppose 2*v - 45 = -j, -3*v + 5*v - 4*j - 20 = 0. Suppose -2*r + v = -i*r. List the prime factors of r.
2, 5
Let b(d) = -3*d - 11. Let n be b(-5). Let l be -2*(-42)/(2/(-2)). List the prime factors of (2/(-3))/(n/l).
2, 7
Suppose -6*c - 3 = -261. List the prime factors of c.
43
Let x be 12/3*(2 - 1). Let l be 32/14 - x/14. Suppose -5 = l*d - 17. What are the prime factors of d?
2, 3
Let k = 5 - 3. Suppose 2*c - 5*s = 49 + 40, -k*c + 88 = -4*s. Suppose 5*n = 3*q - 50 - 0, 5*q + 2*n = c. List the prime factors of q.
2, 5
What are the prime factors of 1/2 - 154/(-28)?
2, 3
Suppose -129 = 4*o - 593. List the prime factors of o.
2, 29
Let z(v) = 3*v**2 - 5*v + 3. Let q(s) = -s - 1. Let w be q(-4). List the prime factors of z(w).
3, 5
Suppose -3*r + 44 + 133 = 0. Suppose -r = 5*g - 149. Suppose d + 5*b = 15 + 11, d = -3*b + g. List the prime factors of d.
2, 3
Suppose 12 = 3*k - 7*k. Let g = k + 13. List the prime factors of g.
2, 5
Suppose -3 = h - 5. Let i be h + (-7 - (-3 - -2)). Let w = i + 11. List the prime factors of w.
7
Suppose 0 = -3*z + 106 + 20. List the prime factors of z.
2, 3, 7
Let l = 5 - 0. Suppose 3*d + 4*a + 6 = 25, 0 = l*a - 5. What are the prime factors of d/((-15)/(-6)) + 2?
2
Let o = -290 + 415. What are the prime factors of o?
5
Let f(p) be the first derivative of 7*p - 2 - 1/3*p**3 + 9/2*p**2. What are the prime factors of f(8)?
3, 5
Suppose -6*x = x - 161. What are the prime factors of x?
23
Let g be (-4)/(-1) + (0 - 2). Suppose l - 2*c = g*l + 1, -2*c + 17 = -5*l. List the prime factors of (-35)/l - (-2)/(-3).
11
List the prime factors of 4 - (-1)/((-3)/6).
2
Let w = -2 + 19. List the prime factors of w.
17
Let w be -9*(1 + (-3)/9). List the prime factors of (-26)/w*(5 + -2).
13
Let u(v) = -8*v - 7. Let j be u(-6). Suppose -5*t = j - 121. What are the prime factors of t?
2
What are the prime factors of (-6354)/(-34) - -1 - (-2)/17?
2, 47
Let x be 542/(-26) + (-4)/26. Let h = 32 + x. What are the prime factors of h?
11
Let f be (-5 + 9)*1/1. Suppose 3*q = f*q - 7. Let n = q + -3. What are the prime factors of n?
2
Let t be 38/8 - 9/12. List the prime factors of (-6)/(-2) + 50 + t.
3, 19
Let c be ((-14)/(-3))/(1/(-6)). Let k = 18 - 34. Let o = k - c. List the prime factors of o.
2, 3
Let c(v) = -v + 1. Let z be c(0). Suppose -j = z - 4. Suppose 18 = j*t - t. What are the prime factors of t?
3
Let w(q) = -11*q + 25. What are the prime factors of w(-5)?
2, 5
Let s(q) = q + 1. Let a be s(5). Suppose x - a*x = -15. What are the prime factors of x?
3
Suppose 0 = -5*c - 5*c + 820. What are the prime factors of c?
2, 41
Let b(g) = -3*g**3 - g + g**2 + 0*g + 4*g**3. Let w be b(0). Suppose -3*s + 9 = -a, w = -2*s + 5*s + a - 3. List the prime factors of s.
2
Suppose 12*w = 15*w - 687. List the prime factors of w.
229
Suppose -24 =